 be 1 + 5*(-3)/3. Let p = d - -6. Suppose 11 = p*m - 7. What is the units digit of m?
9
Let d(i) = i**2 - 6*i - 2. Suppose 0 = 4*f + 3*j - 25, -30 = -4*f + j + j. Let k be f + (3 - 1 - 2). What is the units digit of d(k)?
5
What is the hundreds digit of ((-164)/10)/((-1)/20)?
3
What is the hundreds digit of 378*(-7)/((-21)/2)?
2
Let f = 40 - -61. What is the units digit of f?
1
Let k(p) = -p. Let z be k(-6). Suppose -3*i - 41 = -o - 15, -o - z = 5*i. What is the tens digit of o?
1
Let j = 4 + -7. Let a be 51/6*-2 + j. Let m = -7 - a. What is the tens digit of m?
1
Suppose -27 = -2*z + 21. Suppose -9 = -0*s - 2*s - 3*h, 2*h = 2*s - z. What is the units digit of s?
9
Suppose 2*t - 493 = -73. What is the tens digit of t?
1
Let l = 50 - -29. What is the tens digit of l?
7
Let z = 4 + -2. Suppose z*r - 4 = -0*r. Suppose -r = -x - x. What is the units digit of x?
1
Suppose -5*k - 412 + 37 = 0. Let a be ((-2)/5)/((-3)/k). What is the units digit of (-5)/25 - 82/a?
8
Let x = 40 - 24. What is the tens digit of x?
1
Suppose -5*b - 5 = -50. What is the units digit of ((-24)/(-9))/(6/b)?
4
Let d(g) = -g**3 + 7*g**2 - 3*g + 2. Let w(k) = k**2 + 1. Let n(h) = d(h) - 2*w(h). Let j be n(4). Let y = j + 2. What is the units digit of y?
6
Let p = -4 - -8. Suppose -p*j + 124 = -4*o + 44, 0 = 2*j - o - 41. What is the units digit of j?
1
Suppose -2*z + 2 = 3*w, 0*w + 10 = 3*w - 2*z. Suppose -3 = -3*l - 4*m, 0*l - 22 = -w*l + 4*m. Suppose 0 = 3*r - 4*r + l. What is the units digit of r?
5
Let j(v) = 2*v**2 - 14*v - 1. What is the tens digit of j(11)?
8
Let t = -2 - -9. Let g(d) = d**2 - d - 10. What is the units digit of g(t)?
2
What is the units digit of 291 + (3/3)/(-1)?
0
Suppose -14*c + 4 = -12*c. Suppose c - 49 = -a. What is the units digit of a?
7
Let x(p) = -p**3 + 12*p**2 - 15*p + 10. What is the units digit of x(10)?
0
Suppose -h + 24 = 2*x - 3, -53 = -4*h + 3*x. What is the units digit of h?
7
Let y be ((-32)/(-12))/(5/60). Let p = y + 11. What is the units digit of p?
3
Let u = -194 - -318. What is the hundreds digit of u?
1
Let f(r) = -r**3 + 6*r**2 + 2. Let v be f(6). Let c(u) = -u**3 + 1 - v*u**2 + 0*u**3 - u - u. What is the units digit of c(-2)?
5
Let q = 44 + -9. Suppose q = 2*p + 15. What is the units digit of p?
0
Let h = -7 - -7. Let y be (-6)/2 - (-2 - h). Let a = y + 2. What is the units digit of a?
1
Let y = -3 + 5. Suppose -4*k + k - 5*b = -55, -y*b - 41 = -3*k. What is the tens digit of k?
1
Suppose -3*u - 158 = -551. What is the units digit of u?
1
Suppose -2*z + 4 + 0 = 0. Suppose 0 = 5*x - 6*x + z. Suppose 4 = -0*k - k - x*t, 3*k - t - 9 = 0. What is the units digit of k?
2
What is the units digit of 38/3 + 8/(-12)?
2
Let z(h) = h**3 - 6*h**2 + 8*h - 5. Suppose -3*x - 18 = 5*c, -c - 5*x = -x - 10. Let q be (-26)/c + 2/3. What is the units digit of z(q)?
0
Suppose 0 = -3*w + p - 25, p + 23 = -w + 5*p. Let o = 8 + w. What is the units digit of o?
1
Suppose 50 = -5*i - 0*i. Let s be (-2)/(-10) - (-2)/i. Suppose b + s*b = 3. What is the units digit of b?
3
Suppose -3*y - 2*y = 0. What is the units digit of 1 - y - (1 + -1)?
1
Suppose 4*n + 5*l = -44, 5*n + 3*l = l - 38. Let u = n + 22. What is the units digit of u?
6
Let l = -9 + 24. Suppose -l = -5*g - 0. Let v = 9 - g. What is the units digit of v?
6
Let v(d) = -d**2 + 4*d + 5. Let n(b) = -b**2 + 4*b + 6. Let c(a) = -4*n(a) + 5*v(a). Let q be c(4). What is the units digit of ((-1)/2)/(q/(-24))?
2
Suppose 2*a = -a - 3*r + 21, -19 = -4*a - r. What is the units digit of a?
4
What is the tens digit of 9/(-3 - 13/(-4))?
3
Suppose 0 = -5*w - 2*k - 3*k + 10, -4*w + k + 8 = 0. What is the units digit of w?
2
Let r(z) = -z**2 - 9*z + 4 + 5 + 0 - 1. What is the units digit of r(-8)?
6
Let x(p) = p**3 - 5*p**2 + 4*p - 1. Let o be x(3). Let s = 1 - o. What is the units digit of s?
8
Let m(v) = -313*v + 12. What is the units digit of m(-1)?
5
Let j be (-3 + 3)*1/3. Suppose -3*t + 66 + 21 = j. What is the units digit of t?
9
Suppose -2*c + c = 4, -5*t = -5*c - 5. Let b = t - -8. Suppose -2*z = j + j - 4, b*j - 4*z - 55 = 0. What is the units digit of j?
7
Suppose 4*d - 20 = 0, 6 = 3*o - 0*d + 3*d. What is the units digit of o/(-9) - (-213)/9?
4
Suppose 0 = 3*g + 2*w - w - 170, 4*g + 5*w - 223 = 0. What is the units digit of g?
7
Let b(h) = -2*h - 15. What is the units digit of b(-13)?
1
Suppose -3*s + 4*s = 6. Suppose -4*f + 60 = 5*d, -s*d + 3*d + 42 = 3*f. What is the tens digit of f?
1
Suppose -5*b = 4*u - 223, -2*u + 2*b - 7*b = -119. What is the units digit of u?
2
Let l = 7 - 2. Let o = 7 - l. Suppose -3*s + 52 = o*u + 2*u, s - 17 = -u. What is the tens digit of s?
1
Let n(z) = z**2 - 7*z. Let b be n(7). Let h = -9 + 7. What is the units digit of 6/1 + b/h?
6
Let t be ((-2)/7)/(2/(-14)). Suppose t*r - 32 - 4 = 0. What is the tens digit of r?
1
What is the units digit of ((-1)/(-4) + -1)/(5/(-520))?
8
Let t(w) be the third derivative of -w**4/24 + 4*w**3/3 - 3*w**2. Let n be t(6). Suppose n*g - 56 = -3*z, g - 44 = -2*z - 2*g. What is the tens digit of z?
1
Let f(m) = m - 2. Let v be f(0). Let s be (8/10)/(v/(-20)). Let x = -3 + s. What is the units digit of x?
5
Suppose -3*h + 275 = 80. What is the tens digit of h?
6
Suppose -4*p - 1 = -7*p - 4*q, -2*q - 10 = -2*p. What is the units digit of p?
3
Let i be 2/5 - (-13)/5. Suppose p + 232 = i*b, -3*p = 6 + 6. What is the units digit of b/10 + 2/5?
8
Let p = 86 + -47. What is the tens digit of p?
3
Let b(j) = 4*j - 1. Let u be b(3). Suppose 0 = u*s - 7*s - 32. What is the units digit of s?
8
Let y be (1/(-2) + -1)*4. What is the units digit of (-78)/(-9) - (-4)/y?
8
Suppose 0*h - 8 = 4*h. What is the units digit of 8 + 1/h*6?
5
Let a be -2*(4 + (-44)/8). Suppose 5*h - h = -4*w + 144, a*h + 151 = 4*w. What is the units digit of w?
7
Let t = -7 + 10. What is the units digit of ((-38)/6)/((-1)/t)?
9
What is the tens digit of ((3 - 2)*3)/(3/26)?
2
Suppose -3 + 2 = -u. Let q(t) = 11*t**3 + 2*t**2 - 1. What is the units digit of q(u)?
2
Suppose -4*i + 34 + 66 = 0. Let x be 3/(7 - -2)*15. Suppose 4*m - i = -x*y - 0*m, 2*y + m - 13 = 0. What is the units digit of y?
9
Let c be (-1)/4 - 18/(-8). What is the units digit of 2 - 3 - -5*c?
9
Let s = 39 - 20. Suppose 5*l = -3*c + 24, 5*l - 9 = -c + s. Suppose -2*k - k + l = 0. What is the units digit of k?
2
Suppose 18 = -5*u + 58. Let m be 4/(-6) + u/12. Suppose m*l - 3*l = -30. What is the units digit of l?
0
Let x = 8 + -4. Let a(d) = 3*d + 2*d - x*d - 1. What is the units digit of a(6)?
5
Let i = 6 - 6. Let u = 3 - i. Suppose y + u*y - 4 = 0. What is the units digit of y?
1
Let p = 7 - 7. Suppose m + 0*m + 2 = p. What is the units digit of (-12)/m*(-4)/(-8)?
3
What is the tens digit of 2 + 3 + -5 - -15?
1
Suppose 0 = 7*h - 168 - 161. What is the units digit of h?
7
Let y = 6 + 1. Suppose -3*r = -y*r. Let f(b) = -b**3 + b**2 - b + 12. What is the tens digit of f(r)?
1
Let k(m) = -3*m - 9*m**2 + 7*m + 1 - 10*m - m**3. Let u be k(-8). What is the units digit of (u/(-2))/((-1)/(-2))?
5
Suppose -2*h = 8 - 0. Let g be (-40)/(-22) - h/22. Suppose -g*z + 4 + 10 = 0. What is the units digit of z?
7
Let k(s) = s**2 - 7. What is the units digit of k(6)?
9
What is the hundreds digit of (-2 - -1) + (-7 - -352)?
3
Let b(s) = s**3 - 6*s**2 + 6*s + 2. Let g be b(5). What is the units digit of 47/g - 10/(-35)?
7
What is the tens digit of (-312)/(-7) + (-6)/(-14)?
4
Suppose 0 - 4 = -3*h - t, 0 = -4*h - t + 6. Suppose -h*q + 3*q = 11. What is the units digit of q?
1
Suppose 4*g = -4*c + 50 + 86, -5*g + 15 = 0. Let j = c + -14. What is the units digit of j?
7
Let m(f) = 2 + 3*f**2 + f - 5*f**2 + 3*f**2. Suppose k = 5*k. What is the units digit of m(k)?
2
Let s(u) = 22*u**2 + u - 1. Let f be s(-2). Suppose -6*h + h + f = 0. Suppose -2*k = t - h, -5*k - 1 + 19 = -t. What is the units digit of t?
7
Let l = -1 + 5. Suppose c - 5*c = -4, -l*p = -5*c - 15. What is the units digit of p?
5
Let w = -3 + 7. Let g(l) = -l**3. Let h(s) = -4*s**3 + 4*s**2 - 3. Let x(d) = 3*g(d) - h(d). What is the units digit of x(w)?
3
Let k be (-1074)/(-24) + 1/4. Suppose -c - 6 = -k. What is the tens digit of c?
3
Suppose 0 = -5*m + q + 5, 2*m + 3*q - 7 = 6*m. Suppose m*z + 5*y - 21 = 0, 5*z + 0*z - 43 = -3*y. Let x = 12 - z. What is the units digit of 